{"id":2328,"date":"2026-01-30T11:52:10","date_gmt":"2026-01-30T11:52:10","guid":{"rendered":"https:\/\/fjori.kostricani.com\/medicare\/?page_id=2328"},"modified":"2026-03-05T13:24:52","modified_gmt":"2026-03-05T13:24:52","slug":"eeg-e-zgjatur-gjumi","status":"publish","type":"page","link":"https:\/\/fjori.kostricani.com\/medicare\/eeg-e-zgjatur-gjumi\/","title":{"rendered":"EEG E ZGJATUR GJUMI"},"content":{"rendered":"\t\t<div data-elementor-type=\"wp-page\" data-elementor-id=\"2328\" class=\"elementor elementor-2328\" data-elementor-post-type=\"page\">\n\t\t\t\t<div class=\"elementor-element elementor-element-0b35634 e-flex e-con-boxed e-con e-parent\" data-id=\"0b35634\" data-element_type=\"container\" data-e-type=\"container\" data-settings=\"{&quot;background_background&quot;:&quot;classic&quot;}\">\n\t\t\t\t\t<div class=\"e-con-inner\">\n\t\t\t\t<div class=\"elementor-element elementor-element-847b636 elementor-widget elementor-widget-spacer\" data-id=\"847b636\" data-element_type=\"widget\" data-e-type=\"widget\" data-widget_type=\"spacer.default\">\n\t\t\t\t\t\t\t<div class=\"elementor-spacer\">\n\t\t\t<div class=\"elementor-spacer-inner\"><\/div>\n\t\t<\/div>\n\t\t\t\t\t\t<\/div>\n\t\t\t\t<div class=\"elementor-element elementor-element-467802e elementor-widget elementor-widget-text-editor\" data-id=\"467802e\" data-element_type=\"widget\" data-e-type=\"widget\" data-widget_type=\"text-editor.default\">\n\t\t\t\t\t\t\t\t\t<p><a href=\"\/\">Kryefaqja<\/a> \/ <strong>EEG e zgjatur<\/strong><\/p>\t\t\t\t\t\t\t\t<\/div>\n\t\t\t\t\t<\/div>\n\t\t\t\t<\/div>\n\t\t<div class=\"elementor-element elementor-element-18974de e-flex e-con-boxed e-con e-parent\" data-id=\"18974de\" data-element_type=\"container\" data-e-type=\"container\">\n\t\t\t\t\t<div class=\"e-con-inner\">\n\t\t<div class=\"elementor-element elementor-element-0f9c7a5 e-con-full e-flex e-con e-child\" data-id=\"0f9c7a5\" data-element_type=\"container\" data-e-type=\"container\">\n\t\t\t\t<div class=\"elementor-element elementor-element-8b2e83d elementor-widget elementor-widget-image\" data-id=\"8b2e83d\" data-element_type=\"widget\" data-e-type=\"widget\" data-widget_type=\"image.default\">\n\t\t\t\t\t\t\t\t\t\t\t\t\t\t\t<img fetchpriority=\"high\" decoding=\"async\" width=\"600\" height=\"400\" src=\"https:\/\/fjori.kostricani.com\/medicare\/wp-content\/uploads\/2026\/03\/WhatsApp-Image-2026-03-05-at-11.41.50-2-1.png\" class=\"attachment-full size-full wp-image-3821\" alt=\"\" srcset=\"https:\/\/fjori.kostricani.com\/medicare\/wp-content\/uploads\/2026\/03\/WhatsApp-Image-2026-03-05-at-11.41.50-2-1.png 600w, https:\/\/fjori.kostricani.com\/medicare\/wp-content\/uploads\/2026\/03\/WhatsApp-Image-2026-03-05-at-11.41.50-2-1-300x200.png 300w\" sizes=\"(max-width: 600px) 100vw, 600px\" \/>\t\t\t\t\t\t\t\t\t\t\t\t\t\t\t<\/div>\n\t\t\t\t<\/div>\n\t\t<div class=\"elementor-element elementor-element-478222e e-con-full e-flex e-con e-child\" data-id=\"478222e\" data-element_type=\"container\" data-e-type=\"container\">\n\t\t\t\t<div class=\"elementor-element elementor-element-f528815 elementor-widget elementor-widget-heading\" data-id=\"f528815\" data-element_type=\"widget\" data-e-type=\"widget\" data-widget_type=\"heading.default\">\n\t\t\t\t\t<h2 class=\"elementor-heading-title elementor-size-default\">\u00c7far\u00eb \u00ebsht\u00eb EEG e Zgjatur Gjumi?<\/h2>\t\t\t\t<\/div>\n\t\t\t\t<div class=\"elementor-element elementor-element-af67296 elementor-widget elementor-widget-text-editor\" data-id=\"af67296\" data-element_type=\"widget\" data-e-type=\"widget\" data-widget_type=\"text-editor.default\">\n\t\t\t\t\t\t\t\t\t<p data-start=\"157\" data-end=\"494\">EEG e zgjatur gjat\u00eb gjumit \u00ebsht\u00eb nj\u00eb ekzaminim neurofiziologjik q\u00eb regjistron aktivitetin elektrik t\u00eb trurit p\u00ebr nj\u00eb periudh\u00eb m\u00eb t\u00eb gjat\u00eb kohore, zakonisht gjat\u00eb gjumit. Ky test p\u00ebrdoret p\u00ebr t\u00eb identifikuar ndryshime n\u00eb aktivitetin cerebral q\u00eb mund t\u00eb mos shfaqen gjat\u00eb nj\u00eb EEG-je standarde.<\/p><p data-start=\"496\" data-end=\"691\">Ky ekzaminim \u00ebsht\u00eb ve\u00e7an\u00ebrisht i r\u00ebnd\u00ebsish\u00ebm p\u00ebr diagnostikimin e <strong data-start=\"562\" data-end=\"576\">epilepsis\u00eb<\/strong>, krizave epileptike gjat\u00eb gjumit dhe \u00e7rregullimeve t\u00eb tjera neurologjike q\u00eb shfaqen ose p\u00ebrkeq\u00ebsohen gjat\u00eb gjumit.<\/p>\t\t\t\t\t\t\t\t<\/div>\n\t\t\t\t<div class=\"elementor-element elementor-element-cfcbaa4 elementor-widget elementor-widget-text-editor\" data-id=\"cfcbaa4\" data-element_type=\"widget\" data-e-type=\"widget\" data-widget_type=\"text-editor.default\">\n\t\t\t\t\t\t\t\t\t<p data-start=\"0\" data-end=\"547\"><strong>Si kryhet ky ekzaminim?<\/strong><\/p><p data-start=\"698\" data-end=\"1016\">Gjat\u00eb ekzaminimit, n\u00eb l\u00ebkur\u00ebn e kok\u00ebs vendosen elektroda t\u00eb vogla q\u00eb lidhen me aparatin EEG dhe regjistrojn\u00eb aktivitetin elektrik t\u00eb trurit. Pacienti zakonisht vendoset n\u00eb nj\u00eb ambient t\u00eb qet\u00eb p\u00ebr t\u00eb fjetur, nd\u00ebrsa aparati regjistron aktivitetin cerebral p\u00ebr nj\u00eb periudh\u00eb m\u00eb t\u00eb gjat\u00eb kohore.<\/p><p data-start=\"1018\" data-end=\"1131\">Ekzaminimi mund t\u00eb zgjas\u00eb 90 deri n\u00eb 120 minuta ose m\u00eb shum\u00eb, n\u00eb var\u00ebsi t\u00eb rastit dhe rekomandimit t\u00eb mjekut.<\/p>\t\t\t\t\t\t\t\t<\/div>\n\t\t\t\t<\/div>\n\t\t\t\t\t<\/div>\n\t\t\t\t<\/div>\n\t\t<div class=\"elementor-element elementor-element-c0c41fe e-flex e-con-boxed e-con e-parent\" data-id=\"c0c41fe\" data-element_type=\"container\" data-e-type=\"container\" data-settings=\"{&quot;background_background&quot;:&quot;classic&quot;}\">\n\t\t\t\t\t<div class=\"e-con-inner\">\n\t\t<div class=\"elementor-element elementor-element-cbca543 e-con-full e-flex e-con e-child\" data-id=\"cbca543\" data-element_type=\"container\" data-e-type=\"container\">\n\t\t\t\t<div class=\"elementor-element elementor-element-97f307b elementor-widget elementor-widget-heading\" data-id=\"97f307b\" data-element_type=\"widget\" data-e-type=\"widget\" data-widget_type=\"heading.default\">\n\t\t\t\t\t<h2 class=\"elementor-heading-title elementor-size-default\">Staf mjek\u00ebsor profesional  <\/h2>\t\t\t\t<\/div>\n\t\t\t\t<\/div>\n\t\t<div class=\"elementor-element elementor-element-8ef76d9 e-con-full e-flex e-con e-child\" data-id=\"8ef76d9\" data-element_type=\"container\" data-e-type=\"container\">\n\t\t\t\t<div class=\"elementor-element elementor-element-924c054 elementor-widget elementor-widget-heading\" data-id=\"924c054\" data-element_type=\"widget\" data-e-type=\"widget\" data-widget_type=\"heading.default\">\n\t\t\t\t\t<h2 class=\"elementor-heading-title elementor-size-default\">Aparatura moderne\u00a0<\/h2>\t\t\t\t<\/div>\n\t\t\t\t<\/div>\n\t\t<div class=\"elementor-element elementor-element-ea12a3c e-con-full e-flex e-con e-child\" data-id=\"ea12a3c\" data-element_type=\"container\" data-e-type=\"container\">\n\t\t\t\t<div class=\"elementor-element elementor-element-60f08f6 elementor-widget elementor-widget-heading\" data-id=\"60f08f6\" data-element_type=\"widget\" data-e-type=\"widget\" data-widget_type=\"heading.default\">\n\t\t\t\t\t<h2 class=\"elementor-heading-title elementor-size-default\">Specialist\u00ebt mjek\u00ebsor m\u00eb t\u00eb mir\u00eb n\u00eb vend<\/h2>\t\t\t\t<\/div>\n\t\t\t\t<\/div>\n\t\t\t\t\t<\/div>\n\t\t\t\t<\/div>\n\t\t\t\t<\/div>\n\t\t\n    <div class=\"xs_social_share_widget xs_share_url after_content \t\tmain_content  wslu-style-1 wslu-share-box-shaped wslu-fill-colored wslu-none wslu-share-horizontal wslu-theme-font-no wslu-main_content\">\n\n\t\t\n        <ul>\n\t\t\t        <\/ul>\n    <\/div> \n","protected":false},"excerpt":{"rendered":"<p>Kryefaqja \/ EEG e zgjatur \u00c7far\u00eb \u00ebsht\u00eb EEG e Zgjatur Gjumi? EEG e zgjatur gjat\u00eb gjumit \u00ebsht\u00eb nj\u00eb ekzaminim neurofiziologjik q\u00eb regjistron aktivitetin elektrik t\u00eb trurit p\u00ebr nj\u00eb periudh\u00eb m\u00eb t\u00eb gjat\u00eb kohore, zakonisht gjat\u00eb gjumit. Ky test p\u00ebrdoret p\u00ebr t\u00eb identifikuar ndryshime n\u00eb aktivitetin cerebral q\u00eb mund t\u00eb mos shfaqen gjat\u00eb nj\u00eb EEG-je standarde. [&hellip;]<\/p>\n","protected":false},"author":1,"featured_media":0,"parent":0,"menu_order":0,"comment_status":"closed","ping_status":"closed","template":"elementor_header_footer","meta":{"footnotes":""},"class_list":["post-2328","page","type-page","status-publish","hentry"],"_links":{"self":[{"href":"https:\/\/fjori.kostricani.com\/medicare\/wp-json\/wp\/v2\/pages\/2328","targetHints":{"allow":["GET"]}}],"collection":[{"href":"https:\/\/fjori.kostricani.com\/medicare\/wp-json\/wp\/v2\/pages"}],"about":[{"href":"https:\/\/fjori.kostricani.com\/medicare\/wp-json\/wp\/v2\/types\/page"}],"author":[{"embeddable":true,"href":"https:\/\/fjori.kostricani.com\/medicare\/wp-json\/wp\/v2\/users\/1"}],"replies":[{"embeddable":true,"href":"https:\/\/fjori.kostricani.com\/medicare\/wp-json\/wp\/v2\/comments?post=2328"}],"version-history":[{"count":43,"href":"https:\/\/fjori.kostricani.com\/medicare\/wp-json\/wp\/v2\/pages\/2328\/revisions"}],"predecessor-version":[{"id":3830,"href":"https:\/\/fjori.kostricani.com\/medicare\/wp-json\/wp\/v2\/pages\/2328\/revisions\/3830"}],"wp:attachment":[{"href":"https:\/\/fjori.kostricani.com\/medicare\/wp-json\/wp\/v2\/media?parent=2328"}],"curies":[{"name":"wp","href":"https:\/\/api.w.org\/{rel}","templated":true}]}}