{"id":310,"date":"2026-01-26T07:39:20","date_gmt":"2026-01-26T07:39:20","guid":{"rendered":"https:\/\/fjori.kostricani.com\/medicare\/?page_id=310"},"modified":"2026-03-05T11:45:09","modified_gmt":"2026-03-05T11:45:09","slug":"radiografi-dixhitale","status":"publish","type":"page","link":"https:\/\/fjori.kostricani.com\/medicare\/radiografi-dixhitale\/","title":{"rendered":"Radiografi Dixhitale"},"content":{"rendered":"\t\t<div data-elementor-type=\"wp-page\" data-elementor-id=\"310\" class=\"elementor elementor-310\" data-elementor-post-type=\"page\">\n\t\t\t\t<div class=\"elementor-element elementor-element-18b26c1 e-flex e-con-boxed e-con e-parent\" data-id=\"18b26c1\" data-element_type=\"container\" data-e-type=\"container\" data-settings=\"{&quot;background_background&quot;:&quot;classic&quot;}\">\n\t\t\t\t\t<div class=\"e-con-inner\">\n\t\t\t\t<div class=\"elementor-element elementor-element-dea0906 elementor-widget elementor-widget-spacer\" data-id=\"dea0906\" data-element_type=\"widget\" data-e-type=\"widget\" data-widget_type=\"spacer.default\">\n\t\t\t\t\t\t\t<div class=\"elementor-spacer\">\n\t\t\t<div class=\"elementor-spacer-inner\"><\/div>\n\t\t<\/div>\n\t\t\t\t\t\t<\/div>\n\t\t\t\t<div class=\"elementor-element elementor-element-7099acb elementor-widget elementor-widget-text-editor\" data-id=\"7099acb\" data-element_type=\"widget\" data-e-type=\"widget\" data-widget_type=\"text-editor.default\">\n\t\t\t\t\t\t\t\t\t<p><a href=\"\/\">Kryefaqja<\/a> \/ <strong>Radiografia Dixhitale<\/strong><\/p>\t\t\t\t\t\t\t\t<\/div>\n\t\t\t\t\t<\/div>\n\t\t\t\t<\/div>\n\t\t<div class=\"elementor-element elementor-element-45b83b7 e-flex e-con-boxed e-con e-parent\" data-id=\"45b83b7\" data-element_type=\"container\" data-e-type=\"container\">\n\t\t\t\t\t<div class=\"e-con-inner\">\n\t\t<div class=\"elementor-element elementor-element-f87daa0 e-con-full e-flex e-con e-child\" data-id=\"f87daa0\" data-element_type=\"container\" data-e-type=\"container\">\n\t\t\t\t<div class=\"elementor-element elementor-element-d9aa223 elementor-widget elementor-widget-image\" data-id=\"d9aa223\" data-element_type=\"widget\" data-e-type=\"widget\" data-widget_type=\"image.default\">\n\t\t\t\t\t\t\t\t\t\t\t\t\t\t\t<img fetchpriority=\"high\" decoding=\"async\" width=\"600\" height=\"400\" src=\"https:\/\/fjori.kostricani.com\/medicare\/wp-content\/uploads\/2026\/03\/hero_apeospro-c810-for-photo_01-2.png\" class=\"attachment-full size-full wp-image-3705\" alt=\"\" srcset=\"https:\/\/fjori.kostricani.com\/medicare\/wp-content\/uploads\/2026\/03\/hero_apeospro-c810-for-photo_01-2.png 600w, https:\/\/fjori.kostricani.com\/medicare\/wp-content\/uploads\/2026\/03\/hero_apeospro-c810-for-photo_01-2-300x200.png 300w\" sizes=\"(max-width: 600px) 100vw, 600px\" \/>\t\t\t\t\t\t\t\t\t\t\t\t\t\t\t<\/div>\n\t\t\t\t<\/div>\n\t\t<div class=\"elementor-element elementor-element-03b57a0 e-con-full e-flex e-con e-child\" data-id=\"03b57a0\" data-element_type=\"container\" data-e-type=\"container\">\n\t\t\t\t<div class=\"elementor-element elementor-element-fe8c968 elementor-widget elementor-widget-heading\" data-id=\"fe8c968\" data-element_type=\"widget\" data-e-type=\"widget\" data-widget_type=\"heading.default\">\n\t\t\t\t\t<h2 class=\"elementor-heading-title elementor-size-default\">Radiografia Dixhitale<\/h2>\t\t\t\t<\/div>\n\t\t\t\t<div class=\"elementor-element elementor-element-fa307ff elementor-widget elementor-widget-text-editor\" data-id=\"fa307ff\" data-element_type=\"widget\" data-e-type=\"widget\" data-widget_type=\"text-editor.default\">\n\t\t\t\t\t\t\t\t\t<p data-start=\"0\" data-end=\"864\">Radiografia \u00ebsht\u00eb nj\u00eb modalitet imazherik q\u00eb p\u00ebrdor rrezet X p\u00ebr t\u00eb marr\u00eb imazhe t\u00eb strukturave t\u00eb trupit. Rrezet X jan\u00eb nj\u00eb form\u00eb e rrezatimit q\u00eb \u00ebsht\u00eb e ngjashme me drit\u00ebn, val\u00ebt radio dhe mikrovalet, por rrezatimi X \u00ebsht\u00eb i ve\u00e7ant\u00eb sepse ka nj\u00eb sasi shum\u00eb t\u00eb lart\u00eb energjie, q\u00eb i lejon k\u00ebtyre rrezeve t\u00eb penetrojn\u00eb p\u00ebrmes strukturave anatomike dhe t\u00eb krijojn\u00eb imazhin radiografik.\u00a0 Strukturat me densitet t\u00eb lart\u00eb, si p.sh. kockat, absorbojn\u00eb nj\u00eb sasi t\u00eb madhe rrezatimi, nd\u00ebrkoh\u00eb q\u00eb strukturat me densitet t\u00eb ul\u00ebt, si p.sh. indet e buta, absorbojn\u00eb nj\u00eb sasi m\u00eb t\u00eb vog\u00ebl rrezatimi. Trupi ka struktura me densitete t\u00eb ndryshme dhe pik\u00ebrisht kjo diferenc\u00eb krijon imazhin.<\/p><p data-start=\"866\" data-end=\"946\"><strong data-start=\"866\" data-end=\"946\">Radiografia \u00ebsht\u00eb e r\u00ebnd\u00ebsishme p\u00ebr diagnostikimin e s\u00ebmundjeve t\u00eb tilla si:<\/strong><\/p><ul data-start=\"947\" data-end=\"1044\"><li data-start=\"947\" data-end=\"958\"><p data-start=\"949\" data-end=\"958\">Pneumonia<\/p><\/li><li data-start=\"959\" data-end=\"978\"><p data-start=\"961\" data-end=\"978\">Frakturat kockore<\/p><\/li><li data-start=\"979\" data-end=\"999\"><p data-start=\"981\" data-end=\"999\">Infeksione kockore<\/p><\/li><li data-start=\"1000\" data-end=\"1009\"><p data-start=\"1002\" data-end=\"1009\">Artriti<\/p><\/li><li data-start=\"1010\" data-end=\"1019\"><p data-start=\"1012\" data-end=\"1019\">Kanceri<\/p><\/li><li data-start=\"1020\" data-end=\"1044\"><p data-start=\"1022\" data-end=\"1044\">Kolapsi pulmonar, etj.<\/p><\/li><\/ul>\t\t\t\t\t\t\t\t<\/div>\n\t\t\t\t<\/div>\n\t\t\t\t\t<\/div>\n\t\t\t\t<\/div>\n\t\t<div class=\"elementor-element elementor-element-7af48a8 e-flex e-con-boxed e-con e-parent\" data-id=\"7af48a8\" data-element_type=\"container\" data-e-type=\"container\" data-settings=\"{&quot;background_background&quot;:&quot;classic&quot;}\">\n\t\t\t\t\t<div class=\"e-con-inner\">\n\t\t<div class=\"elementor-element elementor-element-fa4a3fb e-con-full e-flex e-con e-child\" data-id=\"fa4a3fb\" data-element_type=\"container\" data-e-type=\"container\">\n\t\t\t\t<div class=\"elementor-element elementor-element-779601e elementor-widget elementor-widget-heading\" data-id=\"779601e\" data-element_type=\"widget\" data-e-type=\"widget\" data-widget_type=\"heading.default\">\n\t\t\t\t\t<h2 class=\"elementor-heading-title elementor-size-default\">Staf mjek\u00ebsor profesional  <\/h2>\t\t\t\t<\/div>\n\t\t\t\t<\/div>\n\t\t<div class=\"elementor-element elementor-element-b1f2ef6 e-con-full e-flex e-con e-child\" data-id=\"b1f2ef6\" data-element_type=\"container\" data-e-type=\"container\">\n\t\t\t\t<div class=\"elementor-element elementor-element-9437020 elementor-widget elementor-widget-heading\" data-id=\"9437020\" data-element_type=\"widget\" data-e-type=\"widget\" data-widget_type=\"heading.default\">\n\t\t\t\t\t<h2 class=\"elementor-heading-title elementor-size-default\">Aparatura moderne\u00a0<\/h2>\t\t\t\t<\/div>\n\t\t\t\t<\/div>\n\t\t<div class=\"elementor-element elementor-element-3534849 e-con-full e-flex e-con e-child\" data-id=\"3534849\" data-element_type=\"container\" data-e-type=\"container\">\n\t\t\t\t<div class=\"elementor-element elementor-element-3188149 elementor-widget elementor-widget-heading\" data-id=\"3188149\" data-element_type=\"widget\" data-e-type=\"widget\" data-widget_type=\"heading.default\">\n\t\t\t\t\t<h2 class=\"elementor-heading-title elementor-size-default\">Specialist\u00ebt mjek\u00ebsor m\u00eb t\u00eb mir\u00eb n\u00eb vend<\/h2>\t\t\t\t<\/div>\n\t\t\t\t<\/div>\n\t\t\t\t\t<\/div>\n\t\t\t\t<\/div>\n\t\t\t\t<\/div>\n\t\t\n    <div class=\"xs_social_share_widget xs_share_url after_content \t\tmain_content  wslu-style-1 wslu-share-box-shaped wslu-fill-colored wslu-none wslu-share-horizontal wslu-theme-font-no wslu-main_content\">\n\n\t\t\n        <ul>\n\t\t\t        <\/ul>\n    <\/div> \n","protected":false},"excerpt":{"rendered":"<p>Kryefaqja \/ Radiografia Dixhitale Radiografia Dixhitale Radiografia \u00ebsht\u00eb nj\u00eb modalitet imazherik q\u00eb p\u00ebrdor rrezet X p\u00ebr t\u00eb marr\u00eb imazhe t\u00eb strukturave t\u00eb trupit. Rrezet X jan\u00eb nj\u00eb form\u00eb e rrezatimit q\u00eb \u00ebsht\u00eb e ngjashme me drit\u00ebn, val\u00ebt radio dhe mikrovalet, por rrezatimi X \u00ebsht\u00eb i ve\u00e7ant\u00eb sepse ka nj\u00eb sasi shum\u00eb t\u00eb lart\u00eb energjie, q\u00eb [&hellip;]<\/p>\n","protected":false},"author":1,"featured_media":0,"parent":0,"menu_order":0,"comment_status":"closed","ping_status":"closed","template":"elementor_header_footer","meta":{"footnotes":""},"class_list":["post-310","page","type-page","status-publish","hentry"],"_links":{"self":[{"href":"https:\/\/fjori.kostricani.com\/medicare\/wp-json\/wp\/v2\/pages\/310","targetHints":{"allow":["GET"]}}],"collection":[{"href":"https:\/\/fjori.kostricani.com\/medicare\/wp-json\/wp\/v2\/pages"}],"about":[{"href":"https:\/\/fjori.kostricani.com\/medicare\/wp-json\/wp\/v2\/types\/page"}],"author":[{"embeddable":true,"href":"https:\/\/fjori.kostricani.com\/medicare\/wp-json\/wp\/v2\/users\/1"}],"replies":[{"embeddable":true,"href":"https:\/\/fjori.kostricani.com\/medicare\/wp-json\/wp\/v2\/comments?post=310"}],"version-history":[{"count":55,"href":"https:\/\/fjori.kostricani.com\/medicare\/wp-json\/wp\/v2\/pages\/310\/revisions"}],"predecessor-version":[{"id":3714,"href":"https:\/\/fjori.kostricani.com\/medicare\/wp-json\/wp\/v2\/pages\/310\/revisions\/3714"}],"wp:attachment":[{"href":"https:\/\/fjori.kostricani.com\/medicare\/wp-json\/wp\/v2\/media?parent=310"}],"curies":[{"name":"wp","href":"https:\/\/api.w.org\/{rel}","templated":true}]}}