{"id":321,"date":"2026-01-26T07:42:51","date_gmt":"2026-01-26T07:42:51","guid":{"rendered":"https:\/\/fjori.kostricani.com\/medicare\/?page_id=321"},"modified":"2026-03-05T14:59:48","modified_gmt":"2026-03-05T14:59:48","slug":"konsulta-neurologjike","status":"publish","type":"page","link":"https:\/\/fjori.kostricani.com\/medicare\/konsulta-neurologjike\/","title":{"rendered":"Konsulta Neurologjike"},"content":{"rendered":"\t\t<div data-elementor-type=\"wp-page\" data-elementor-id=\"321\" class=\"elementor elementor-321\" data-elementor-post-type=\"page\">\n\t\t\t\t<div class=\"elementor-element elementor-element-33f2e81 e-flex e-con-boxed e-con e-parent\" data-id=\"33f2e81\" data-element_type=\"container\" data-e-type=\"container\" data-settings=\"{&quot;background_background&quot;:&quot;classic&quot;}\">\n\t\t\t\t\t<div class=\"e-con-inner\">\n\t\t\t\t<div class=\"elementor-element elementor-element-56f7b27 elementor-widget elementor-widget-spacer\" data-id=\"56f7b27\" data-element_type=\"widget\" data-e-type=\"widget\" data-widget_type=\"spacer.default\">\n\t\t\t\t\t\t\t<div class=\"elementor-spacer\">\n\t\t\t<div class=\"elementor-spacer-inner\"><\/div>\n\t\t<\/div>\n\t\t\t\t\t\t<\/div>\n\t\t\t\t<div class=\"elementor-element elementor-element-e0f8b7d elementor-widget elementor-widget-text-editor\" data-id=\"e0f8b7d\" data-element_type=\"widget\" data-e-type=\"widget\" data-widget_type=\"text-editor.default\">\n\t\t\t\t\t\t\t\t\t<p><a href=\"\/\">Kryefaqja<\/a> \/ <strong>Konsulta Neurologjike<\/strong><\/p>\t\t\t\t\t\t\t\t<\/div>\n\t\t\t\t\t<\/div>\n\t\t\t\t<\/div>\n\t\t<div class=\"elementor-element elementor-element-01c2aba e-flex e-con-boxed e-con e-parent\" data-id=\"01c2aba\" data-element_type=\"container\" data-e-type=\"container\">\n\t\t\t\t\t<div class=\"e-con-inner\">\n\t\t<div class=\"elementor-element elementor-element-a870a2c e-con-full e-flex e-con e-child\" data-id=\"a870a2c\" data-element_type=\"container\" data-e-type=\"container\">\n\t\t\t\t<div class=\"elementor-element elementor-element-0fa9506 elementor-widget elementor-widget-image\" data-id=\"0fa9506\" data-element_type=\"widget\" data-e-type=\"widget\" data-widget_type=\"image.default\">\n\t\t\t\t\t\t\t\t\t\t\t\t\t\t\t<img fetchpriority=\"high\" decoding=\"async\" width=\"500\" height=\"500\" src=\"https:\/\/fjori.kostricani.com\/medicare\/wp-content\/uploads\/2026\/03\/woman-with-headache-studio-2-1.png\" class=\"attachment-full size-full wp-image-3908\" alt=\"\" srcset=\"https:\/\/fjori.kostricani.com\/medicare\/wp-content\/uploads\/2026\/03\/woman-with-headache-studio-2-1.png 500w, https:\/\/fjori.kostricani.com\/medicare\/wp-content\/uploads\/2026\/03\/woman-with-headache-studio-2-1-300x300.png 300w, https:\/\/fjori.kostricani.com\/medicare\/wp-content\/uploads\/2026\/03\/woman-with-headache-studio-2-1-150x150.png 150w\" sizes=\"(max-width: 500px) 100vw, 500px\" \/>\t\t\t\t\t\t\t\t\t\t\t\t\t\t\t<\/div>\n\t\t\t\t<\/div>\n\t\t<div class=\"elementor-element elementor-element-6541a00 e-con-full e-flex e-con e-child\" data-id=\"6541a00\" data-element_type=\"container\" data-e-type=\"container\">\n\t\t\t\t<div class=\"elementor-element elementor-element-3d184d2 elementor-widget elementor-widget-heading\" data-id=\"3d184d2\" data-element_type=\"widget\" data-e-type=\"widget\" data-widget_type=\"heading.default\">\n\t\t\t\t\t<h2 class=\"elementor-heading-title elementor-size-default\">Konsulta Neurologjike<\/h2>\t\t\t\t<\/div>\n\t\t\t\t<div class=\"elementor-element elementor-element-599a9b9 elementor-widget elementor-widget-text-editor\" data-id=\"599a9b9\" data-element_type=\"widget\" data-e-type=\"widget\" data-widget_type=\"text-editor.default\">\n\t\t\t\t\t\t\t\t\t<div class=\"flex flex-col text-sm pb-25\"><article class=\"text-token-text-primary w-full focus:outline-none [--shadow-height:45px] has-data-writing-block:pointer-events-none has-data-writing-block:-mt-(--shadow-height) has-data-writing-block:pt-(--shadow-height) [&amp;:has([data-writing-block])&gt;*]:pointer-events-auto [content-visibility:auto] supports-[content-visibility:auto]:[contain-intrinsic-size:auto_100lvh] scroll-mt-[calc(var(--header-height)+min(200px,max(70px,20svh)))]\" dir=\"auto\" tabindex=\"-1\" data-turn-id=\"c6bf1604-88a5-4b13-8a03-b939cb51b487\" data-testid=\"conversation-turn-22\" data-scroll-anchor=\"true\" data-turn=\"assistant\"><div class=\"text-base my-auto mx-auto pb-10 [--thread-content-margin:--spacing(4)] @w-sm\/main:[--thread-content-margin:--spacing(6)] @w-lg\/main:[--thread-content-margin:--spacing(16)] px-(--thread-content-margin)\"><div class=\"[--thread-content-max-width:40rem] @w-lg\/main:[--thread-content-max-width:48rem] mx-auto max-w-(--thread-content-max-width) flex-1 group\/turn-messages focus-visible:outline-hidden relative flex w-full min-w-0 flex-col agent-turn\" tabindex=\"-1\"><div class=\"flex max-w-full flex-col grow\"><div class=\"min-h-8 text-message relative flex w-full flex-col items-end gap-2 text-start break-words whitespace-normal [.text-message+&amp;]:mt-1\" dir=\"auto\" data-message-author-role=\"assistant\" data-message-id=\"e9055db6-705a-4e3b-9a11-472cba33810a\" data-message-model-slug=\"gpt-4o-mini\"><div class=\"flex w-full flex-col gap-1 empty:hidden first:pt-[1px]\"><div class=\"markdown prose dark:prose-invert w-full wrap-break-word light markdown-new-styling\"><p data-start=\"0\" data-end=\"259\">Sh\u00ebrbimi neurologjik pran\u00eb klinik\u00ebs son\u00eb, i ofruar nga mjek\u00ebt specialist\u00eb neurolog\u00eb Dr.Shk. Florian Dashi (neurolog\/neurofiziolog), Dr.Shk. Ermir Roci dhe Dr.Shk. Pavllo Djamandi, siguron nj\u00eb proces t\u00eb plot\u00eb diagnostikues dhe terapeutik p\u00ebr t\u00eb gjitha patologjit\u00eb e sistemit nervor.<\/p><p data-start=\"261\" data-end=\"300\">Patologjit\u00eb kryesore q\u00eb trajtohen jan\u00eb:<\/p><ul data-start=\"302\" data-end=\"647\"><li data-start=\"302\" data-end=\"317\"><p data-start=\"304\" data-end=\"317\">Epilepsia<\/p><\/li><li data-start=\"318\" data-end=\"362\"><p data-start=\"320\" data-end=\"362\">Dhimbja e kok\u00ebs (cephalea) dhe migrena<\/p><\/li><li data-start=\"363\" data-end=\"441\"><p data-start=\"365\" data-end=\"441\">Patologji t\u00eb en\u00ebve t\u00eb gjakut dhe degjeneruese t\u00eb sistemit nervor qendror<\/p><\/li><li data-start=\"442\" data-end=\"512\"><p data-start=\"444\" data-end=\"512\">Patologji t\u00eb sistemit nervor periferik (neuropati, radikulopati)<\/p><\/li><li data-start=\"513\" data-end=\"541\"><p data-start=\"515\" data-end=\"541\">S\u00ebmundja e Parkinsonit<\/p><\/li><li data-start=\"542\" data-end=\"590\"><p data-start=\"544\" data-end=\"590\">Sindroma vertiginoze (jo kompetenc\u00eb e ORL)<\/p><\/li><li data-start=\"591\" data-end=\"647\"><p data-start=\"593\" data-end=\"647\">S\u00ebmundje me d\u00ebmtim t\u00eb myelin\u00ebs (Skleroza multiple)<\/p><\/li><\/ul><p data-start=\"649\" data-end=\"900\">Vizita neurologjike konsiston n\u00eb bashk\u00ebbisedimin me mjekun neurolog, ku pacienti ka mund\u00ebsin\u00eb t\u00eb shpreh\u00eb t\u00eb gjitha shqet\u00ebsimet dhe simptomat q\u00eb po p\u00ebrjeton. Pas k\u00ebsaj, ndiqet me nj\u00eb ekzaminim fizik t\u00eb pacientit p\u00ebr t\u00eb vler\u00ebsuar gjendjen e tij.<\/p><p data-start=\"902\" data-end=\"1257\" data-is-last-node=\"\" data-is-only-node=\"\">N\u00eb rastet kur \u00ebsht\u00eb e nevojshme, vizita neurologjike mund t\u00eb shoq\u00ebrohet me ekzaminime t\u00eb tjera imazherike (si MRI, CT) ose laboratorike q\u00eb ndihmojn\u00eb n\u00eb vendosjen p\u00ebrfundimtare t\u00eb diagnoz\u00ebs dhe p\u00ebrcaktimin e trajtimit t\u00eb duhur. Ky proces i plot\u00eb diagnostikues siguron q\u00eb pacient\u00ebt t\u00eb marrin trajtimin m\u00eb t\u00eb p\u00ebrshtatsh\u00ebm p\u00ebr patologjit\u00eb e tyre neurologjike.<\/p><\/div><\/div><\/div><\/div><\/div><\/div><\/article><\/div>\t\t\t\t\t\t\t\t<\/div>\n\t\t\t\t<\/div>\n\t\t\t\t\t<\/div>\n\t\t\t\t<\/div>\n\t\t<div class=\"elementor-element elementor-element-71548bd e-flex e-con-boxed e-con e-parent\" data-id=\"71548bd\" data-element_type=\"container\" data-e-type=\"container\" data-settings=\"{&quot;background_background&quot;:&quot;classic&quot;}\">\n\t\t\t\t\t<div class=\"e-con-inner\">\n\t\t<div class=\"elementor-element elementor-element-e79f161 e-con-full e-flex e-con e-child\" data-id=\"e79f161\" data-element_type=\"container\" data-e-type=\"container\">\n\t\t\t\t<div class=\"elementor-element elementor-element-1b19e45 elementor-widget elementor-widget-heading\" data-id=\"1b19e45\" data-element_type=\"widget\" data-e-type=\"widget\" data-widget_type=\"heading.default\">\n\t\t\t\t\t<h2 class=\"elementor-heading-title elementor-size-default\">Staf mjek\u00ebsor profesional  <\/h2>\t\t\t\t<\/div>\n\t\t\t\t<\/div>\n\t\t<div class=\"elementor-element elementor-element-4e6da03 e-con-full e-flex e-con e-child\" data-id=\"4e6da03\" data-element_type=\"container\" data-e-type=\"container\">\n\t\t\t\t<div class=\"elementor-element elementor-element-e6b29a5 elementor-widget elementor-widget-heading\" data-id=\"e6b29a5\" data-element_type=\"widget\" data-e-type=\"widget\" data-widget_type=\"heading.default\">\n\t\t\t\t\t<h2 class=\"elementor-heading-title elementor-size-default\">Aparatura moderne\u00a0<\/h2>\t\t\t\t<\/div>\n\t\t\t\t<\/div>\n\t\t<div class=\"elementor-element elementor-element-80216c0 e-con-full e-flex e-con e-child\" data-id=\"80216c0\" data-element_type=\"container\" data-e-type=\"container\">\n\t\t\t\t<div class=\"elementor-element elementor-element-b47c79c elementor-widget elementor-widget-heading\" data-id=\"b47c79c\" data-element_type=\"widget\" data-e-type=\"widget\" data-widget_type=\"heading.default\">\n\t\t\t\t\t<h2 class=\"elementor-heading-title elementor-size-default\">Specialist\u00ebt mjek\u00ebsor m\u00eb t\u00eb mir\u00eb n\u00eb vend<\/h2>\t\t\t\t<\/div>\n\t\t\t\t<\/div>\n\t\t\t\t\t<\/div>\n\t\t\t\t<\/div>\n\t\t\t\t<\/div>\n\t\t\n    <div class=\"xs_social_share_widget xs_share_url after_content \t\tmain_content  wslu-style-1 wslu-share-box-shaped wslu-fill-colored wslu-none wslu-share-horizontal wslu-theme-font-no wslu-main_content\">\n\n\t\t\n        <ul>\n\t\t\t        <\/ul>\n    <\/div> \n","protected":false},"excerpt":{"rendered":"<p>Kryefaqja \/ Konsulta Neurologjike Konsulta Neurologjike Sh\u00ebrbimi neurologjik pran\u00eb klinik\u00ebs son\u00eb, i ofruar nga mjek\u00ebt specialist\u00eb neurolog\u00eb Dr.Shk. Florian Dashi (neurolog\/neurofiziolog), Dr.Shk. Ermir Roci dhe Dr.Shk. Pavllo Djamandi, siguron nj\u00eb proces t\u00eb plot\u00eb diagnostikues dhe terapeutik p\u00ebr t\u00eb gjitha patologjit\u00eb e sistemit nervor. Patologjit\u00eb kryesore q\u00eb trajtohen jan\u00eb: Epilepsia Dhimbja e kok\u00ebs (cephalea) dhe migrena [&hellip;]<\/p>\n","protected":false},"author":1,"featured_media":0,"parent":0,"menu_order":0,"comment_status":"closed","ping_status":"closed","template":"elementor_header_footer","meta":{"footnotes":""},"class_list":["post-321","page","type-page","status-publish","hentry"],"_links":{"self":[{"href":"https:\/\/fjori.kostricani.com\/medicare\/wp-json\/wp\/v2\/pages\/321","targetHints":{"allow":["GET"]}}],"collection":[{"href":"https:\/\/fjori.kostricani.com\/medicare\/wp-json\/wp\/v2\/pages"}],"about":[{"href":"https:\/\/fjori.kostricani.com\/medicare\/wp-json\/wp\/v2\/types\/page"}],"author":[{"embeddable":true,"href":"https:\/\/fjori.kostricani.com\/medicare\/wp-json\/wp\/v2\/users\/1"}],"replies":[{"embeddable":true,"href":"https:\/\/fjori.kostricani.com\/medicare\/wp-json\/wp\/v2\/comments?post=321"}],"version-history":[{"count":49,"href":"https:\/\/fjori.kostricani.com\/medicare\/wp-json\/wp\/v2\/pages\/321\/revisions"}],"predecessor-version":[{"id":3911,"href":"https:\/\/fjori.kostricani.com\/medicare\/wp-json\/wp\/v2\/pages\/321\/revisions\/3911"}],"wp:attachment":[{"href":"https:\/\/fjori.kostricani.com\/medicare\/wp-json\/wp\/v2\/media?parent=321"}],"curies":[{"name":"wp","href":"https:\/\/api.w.org\/{rel}","templated":true}]}}